 -13 + 62017?
62004
In base 9, what is 2044281 + -5?
2044275
In base 12, what is -1a06b5 + -228?
-1a0921
In base 12, what is 4 + 21b1b594?
21b1b598
In base 13, what is 3 + 2945ac?
2945b2
In base 10, what is 7 - 118618595?
-118618588
In base 2, what is -100 - -1100001110001100100011?
1100001110001100011111
In base 8, what is 22402527 - 120?
22402407
In base 3, what is -2211212112201202 - 11?
-2211212112201220
In base 15, what is -3244d + -37?
-32485
In base 12, what is -612526 - 41?
-612567
In base 7, what is 25056413 + 6?
25056422
In base 11, what is 6 - -645712?
645718
In base 13, what is 99a - 492?
508
In base 6, what is 440242 - -30033?
510315
In base 14, what is 80 - 12a15c?
-12a0bc
In base 7, what is 2610164024 + -1?
2610164023
In base 8, what is -6 + -1422231?
-1422237
In base 7, what is -5 + 14205251?
14205243
In base 3, what is -11121 - -11112212012?
11112200121
In base 7, what is -4522624151 - -5?
-4522624143
In base 12, what is -a558 - 242?
-a79a
In base 4, what is 1200112211 + -12?
1200112133
In base 11, what is -4 + -129a081?
-129a085
In base 13, what is c + -2cba90?
-2cba81
In base 9, what is -485 - -103837?
103342
In base 5, what is 103440021332 + -23?
103440021304
In base 3, what is 10 + -220020112012102?
-220020112012022
In base 7, what is 633 + -5011?
-4045
In base 16, what is -3 - 7890d?
-78910
In base 10, what is -454020 + -423?
-454443
In base 14, what is -6 - -17566967?
17566961
In base 9, what is -5 + -168548527?
-168548533
In base 9, what is -11 - -75856408?
75856387
In base 4, what is 0 + 211013100311?
211013100311
In base 7, what is 1026156540 - -45?
1026156615
In base 2, what is 101111110110011000110001 + 101?
101111110110011000110110
In base 5, what is 4 + -1003024240?
-1003024231
In base 15, what is 102545 + -6?
10253e
In base 3, what is -112000110011 + -2002?
-112000112020
In base 13, what is 1b9 - -8227a4?
822990
In base 5, what is 221021220034 + 4?
221021220043
In base 3, what is 111112001210 - -20000?
111112021210
In base 3, what is 110022122 + 11202002?
122001201
In base 12, what is 17 - -485217?
485232
In base 12, what is 236 + -175bb6?
-175980
In base 6, what is -203210 - 321?
-203531
In base 8, what is -6 + 2652760?
2652752
In base 8, what is -354324 + 1?
-354323
In base 3, what is 102012112022 + 1101?
102012120200
In base 3, what is 1111110001220 + 21021?
1111110100011
In base 3, what is -10120 + -2222000101?
-2222010221
In base 16, what is 3a2b8 + 52?
3a30a
In base 2, what is 100000100011001010011011 + 101?
100000100011001010100000
In base 15, what is 2e - -c81b?
c84a
In base 16, what is -46da8c + c?
-46da80
In base 7, what is -1060 - -300110?
266020
In base 2, what is -1101011011001010 + -111111100?
-1101100011000110
In base 8, what is 236654425 - 3?
236654422
In base 6, what is -1330254314 - 0?
-1330254314
In base 3, what is -102020111210111120 + 11?
-102020111210111102
In base 9, what is -4371 - -568?
-3702
In base 13, what is -44 + -10a7b17?
-10a7b5b
In base 2, what is 10011110000001001110111 - 10?
10011110000001001110101
In base 3, what is 211210112112 - 11201?
211210100211
In base 11, what is -261 - 629518?
-629779
In base 4, what is -10210 + -310233233?
-310310103
In base 9, what is -286 + -48808?
-50205
In base 9, what is 44066 + -63?
44003
In base 8, what is 23733 - 2751?
20762
In base 6, what is -101455455 + 112?
-101455343
In base 14, what is -18cc0c4 - 6?
-18cc0ca
In base 3, what is 120002122 - -110?
120010002
In base 11, what is -3 + -3520572?
-3520575
In base 16, what is 34506 - -42?
34548
In base 8, what is -105526304 - 77?
-105526403
In base 2, what is 1011000110101100101 + 1000111111?
1011000111110100100
In base 8, what is 70 - 472204?
-472114
In base 3, what is -2212120101202211 - -12?
-2212120101202122
In base 3, what is -12 + -20211022012200?
-20211022012212
In base 16, what is 1b06e0 - -11?
1b06f1
In base 15, what is -3a70 - b71d?
-1028d
In base 5, what is 20 - -3113403131?
3113403201
In base 14, what is -47c + 4c60?
47c2
In base 16, what is -2190f9f + 4?
-2190f9b
In base 5, what is -131414314 + 2420?
-131411344
In base 11, what is -3 + -3873a683?
-3873a686
In base 9, what is 56 + -2624686?
-2624630
In base 9, what is 4731610 + -18?
4731581
In base 12, what is -350b940 - 5?
-350b945
In base 15, what is 6b8 + -374e?
-3086
In base 6, what is 14102203204 + 0?
14102203204
In base 10, what is 56161069 - 9?
56161060
In base 7, what is 402112 - -12044?
414156
In base 15, what is -1114941 - 6?
-1114947
In base 12, what is 266a25 + 43?
266a68
In base 8, what is -167211 - -1043?
-166146
In base 4, what is 31 + 22300120000?
22300120031
In base 4, what is 211032 + 13231120?
20102212
In base 12, what is 4 - 27708a98?
-27708a94
In base 10, what is 18020 - 66744?
-48724
In base 10, what is -6 + 45658907?
45658901
In base 6, what is 110 - 254203?
-254053
In base 3, what is 10122120020220 + 2201?
10122120100121
In base 12, what is 31547 - -5b?
315a6
In base 14, what is -47910ab - -3?
-47910a8
In base 13, what is -9 + -60756bc?
-60756c8
In base 11, what is -2219a8 + 179?
-22182a
In base 13, what is -2 + b538a2?
b538a0
In base 13, what is -15a8a9b + -11?
-15a8aac
In base 13, what is 187b - -6a4a7?
6c055
In base 6, what is -451 - 412554?
-413445
In base 16, what is -27c044 - -27?
-27c01d
In base 13, what is 36 + 153c23?
153c59
In base 13, what is -a0b - 2abb?
-37c9
In base 5, what is 112444 + 3042?
121041
In base 3, what is 20212221000 - -1112?
20212222112
In base 14, what is -24b62d2d + 3?
-24b62d2a
In base 10, what is -45 - 2046142?
-2046187
In base 3, what is 122210 + 21020110222?
21021010202
In base 13, what is 168 + 3139b3?
313b4b
In base 15, what is 70a5e + -7a2?
702ac
In base 10, what is -116333 + -90?
-116423
In base 11, what is 1 + 888a451?
888a452
In base 16, what is -a6b + -23c29?
-24694
In base 9, what is -4 + 58516444?
58516440
In base 10, what is 111 + -139003?
-138892
In base 10, what is -5 - -336608087?
336608082
In base 3, what is -12 - 10110202021211?
-10110202022000
In base 10, what is -18517 - -235?
-18282
In base 3, what is 2120221211 - 101?
2120221110
In base 9, what is 44834 - -511?
45445
In base 12, what is 97b381b + 4?
97b3823
In base 13, what is 2a0a3 - -3?
2a0a6
In base 6, what is 333441143130 + -5?
333441143121
In base 12, what is -107a1227 - 4?
-107a122b
In base 11, what is 0 - 219248?
-219248
In base 2, what is 1111111111000101011011101001 - 1?
1111111111000101011011101000
In base 12, what is 10 - 8967a?
-8966a
In base 14, what is 3b460 - -37?
3b497
In base 11, what is 0 + -224912?
-224912
In base 8, what is -11731 - 655?
-12606
In base 8, what is -2347640563 + -3?
-2347640566
In base 13, what is -75013 + 1b9?
-74b27
In base 7, what is -1321612 + 12?
-1321600
In base 16, what is -4c - -11c8?
117c
In base 14, what is -1096d0030 + 0?
-1096d0030
In base 14, what is -769 - -dd7a?
d611
In base 6, what is -5 + -2423051?
-2423100
In base 4, what is -112110223022 - -11?
-112110223011
In base 4, what is -333200 - 30201023?
-31200223
In base 15, what is -69 - 1a10?
-1a79
In base 13, what is -265 + -325742?
-3259a7
In base 8, what is 334 + -5315257?
-5314723
In base 14, what is 1070 + 32d9?
4369
In base 9, what is 3 - -7371317?
7371321
In base 11, what is 8564 - 9887?
-1323
In base 11, what is -5 + 1099203?
10991a9
In base 12, what is -683 + 35a471?
3599aa
In base 10, what is 388 - -1806940?
1807328
In base 4, what is 112 + 103022212111?
103022212223
In base 15, what is 1cd69bc - 5?
1cd69b7
In base 6, what is -5 - 1545322143?
-1545322152
In base 3, what is -2102 + -1002200002012?
-1002200011121
In base 4, what is -32210010 - -231?
-32203113
In base 2, what is 1000101101011 + -1111000100?
110110100111
In base 11, what is -a0 + -2231a?
-2240a
In base 10, what is -231569295 - -3?
-231569292
In base 12, what is -119460 + -a3?
-119543
In base 3, what is -2001210 + -10211?
-2012121
In base 14, what is 1071a - 18?
10702
In base 9, what is 67746 - -300?
68146
In base 7, what is -11 + -461111?
-461122
In base 15, what is -10 - 38611?
-38621
In base 8, what is 3 - 4564301?
-4564276
In base 5, what is 410 + 14334022?
14334432
In base 2, what is 110 + -10100100001100011011011?
-10100100001100011010101
In base 15, what is 12731 - -d8?
12819
In base 9, what is -152318 + 3?
-152315
In base 8, wha